{"id":101859,"date":"2013-09-25T21:31:06","date_gmt":"2013-09-26T00:31:06","guid":{"rendered":"https:\/\/2014.belohorizonte.wordcamp.org\/?page_id=101859"},"modified":"2014-04-08T22:58:31","modified_gmt":"2014-04-09T01:58:31","slug":"guia-de-sobrevivencia","status":"publish","type":"page","link":"https:\/\/belohorizonte.wordcamp.org\/2014\/guia-de-sobrevivencia\/","title":{"rendered":"Guia de sobreviv\u00eancia"},"content":{"rendered":"<figure id=\"attachment_973758\" aria-describedby=\"caption-attachment-973758\" style=\"width: 260px\" class=\"wp-caption alignright\"><a href=\"https:\/\/mapsengine.google.com\/map\/edit?mid=zc-H_kOrD-2c.k-wd27mz6ytw\"><img loading=\"lazy\" decoding=\"async\" data-attachment-id=\"973758\" data-permalink=\"https:\/\/belohorizonte.wordcamp.org\/2014\/guia-de-sobrevivencia\/captura-de-tela-de-2014-04-08-221441\/\" data-orig-file=\"https:\/\/belohorizonte.wordcamp.org\/2014\/files\/2013\/09\/Captura-de-tela-de-2014-04-08-221441.png\" data-orig-size=\"538,531\" data-comments-opened=\"1\" data-image-meta=\"{&quot;aperture&quot;:&quot;0&quot;,&quot;credit&quot;:&quot;&quot;,&quot;camera&quot;:&quot;&quot;,&quot;caption&quot;:&quot;&quot;,&quot;created_timestamp&quot;:&quot;0&quot;,&quot;copyright&quot;:&quot;&quot;,&quot;focal_length&quot;:&quot;0&quot;,&quot;iso&quot;:&quot;0&quot;,&quot;shutter_speed&quot;:&quot;0&quot;,&quot;title&quot;:&quot;&quot;}\" data-image-title=\"Captura de tela de 2014-04-08 22:14:41\" data-image-description=\"\" data-image-caption=\"\" data-medium-file=\"https:\/\/belohorizonte.wordcamp.org\/2014\/files\/2013\/09\/Captura-de-tela-de-2014-04-08-221441-260x256.png\" data-large-file=\"https:\/\/belohorizonte.wordcamp.org\/2014\/files\/2013\/09\/Captura-de-tela-de-2014-04-08-221441.png\" class=\"size-medium wp-image-973758 \" alt=\"Mapa de BH\" src=\"https:\/\/2014.belohorizonte.wordcamp.org\/files\/2013\/09\/Captura-de-tela-de-2014-04-08-221441-260x256.png\" width=\"260\" height=\"256\" srcset=\"https:\/\/belohorizonte.wordcamp.org\/2014\/files\/2013\/09\/Captura-de-tela-de-2014-04-08-221441-260x256.png 260w, https:\/\/belohorizonte.wordcamp.org\/2014\/files\/2013\/09\/Captura-de-tela-de-2014-04-08-221441-303x300.png 303w, https:\/\/belohorizonte.wordcamp.org\/2014\/files\/2013\/09\/Captura-de-tela-de-2014-04-08-221441.png 538w\" sizes=\"auto, (max-width: 260px) 100vw, 260px\" \/><\/a><figcaption id=\"caption-attachment-973758\" class=\"wp-caption-text\">Clique e veja o Mapa Ampliado<\/figcaption><\/figure>\n<p>Esse \u00e9 seu Manual de Sobreviv\u00eancia em Belo Horizonte.<\/p>\n<p>Caso falte qualquer informa\u00e7\u00e3o, favor entrar em contato com a organiza\u00e7\u00e3o.<\/p>\n<h2>Local, Data e Hora<\/h2>\n<p>O WordCamp 2014 ir\u00e1 acontecer dia 17 de Maio de 2014, no UniBH Estoril,<br \/>\nAv. Prof. M\u00e1rio Werneck, 1685 &#8211; Estoril &#8211; Belo Horizonte &#8211; MG.<br \/>\nIn\u00edcio: 08:00hrs<br \/>\nTermino: 18:00hrs<\/p>\n<div class=\"googlemaps\">\n\t\t\t\t<iframe loading=\"lazy\" width=\"700\" height=\"500\" frameborder=\"0\" scrolling=\"no\" marginheight=\"0\" marginwidth=\"0\"  src=\"https:\/\/maps.google.com.br\/maps?f=q&#038;source=s_q&#038;hl=pt-BR&#038;geocode=&#038;q=Universidade%20Uni%20BH%20-%20Avenida%20Professor%20M\u00e1rio%20Werneck,%20Estoril,%20BH%20-%20Minas%20Gerais&#038;aq=1&#038;oq=uni%20bh&#038;sll=-22.902743,-43.446121&#038;sspn=0.538901,1.055374&#038;ie=UTF8&#038;t=m&#038;z=16&#038;iwloc=A&#038;output=embed\"><\/iframe>\n\t\t\t<\/div>\n<h2 id=\"unibh\">Como Chegar \u00e0 UniBH<\/h2>\n<figure id=\"attachment_973759\" aria-describedby=\"caption-attachment-973759\" style=\"width: 390px\" class=\"wp-caption alignleft\"><a href=\"https:\/\/goo.gl\/maps\/tE0eH\"><img loading=\"lazy\" decoding=\"async\" data-attachment-id=\"973759\" data-permalink=\"https:\/\/belohorizonte.wordcamp.org\/2014\/guia-de-sobrevivencia\/onibus-bh\/\" data-orig-file=\"https:\/\/belohorizonte.wordcamp.org\/2014\/files\/2013\/09\/onibus-bh.png\" data-orig-size=\"994,422\" data-comments-opened=\"1\" data-image-meta=\"{&quot;aperture&quot;:&quot;0&quot;,&quot;credit&quot;:&quot;&quot;,&quot;camera&quot;:&quot;&quot;,&quot;caption&quot;:&quot;&quot;,&quot;created_timestamp&quot;:&quot;0&quot;,&quot;copyright&quot;:&quot;&quot;,&quot;focal_length&quot;:&quot;0&quot;,&quot;iso&quot;:&quot;0&quot;,&quot;shutter_speed&quot;:&quot;0&quot;,&quot;title&quot;:&quot;&quot;}\" data-image-title=\"onibus bh\" data-image-description=\"\" data-image-caption=\"\" data-medium-file=\"https:\/\/belohorizonte.wordcamp.org\/2014\/files\/2013\/09\/onibus-bh-260x110.png\" data-large-file=\"https:\/\/belohorizonte.wordcamp.org\/2014\/files\/2013\/09\/onibus-bh.png\" class=\" wp-image-973759 \" alt=\"onibus bh\" src=\"https:\/\/2014.belohorizonte.wordcamp.org\/files\/2013\/09\/onibus-bh.png\" width=\"390\" height=\"166\" srcset=\"https:\/\/belohorizonte.wordcamp.org\/2014\/files\/2013\/09\/onibus-bh.png 994w, https:\/\/belohorizonte.wordcamp.org\/2014\/files\/2013\/09\/onibus-bh-260x110.png 260w, https:\/\/belohorizonte.wordcamp.org\/2014\/files\/2013\/09\/onibus-bh-500x212.png 500w\" sizes=\"auto, (max-width: 390px) 100vw, 390px\" \/><\/a><figcaption id=\"caption-attachment-973759\" class=\"wp-caption-text\">Veja todas as linhas em mapa ampliado<\/figcaption><\/figure>\n<p>A Pra\u00e7a Sete \u00e9 um dos principais s\u00edmbolos de Belo Horizonte e marca o hiper centro da capital. Tendo como base esse local, que fica na regi\u00e3o da rodovi\u00e1ria, vamos mostrar como chegar \u00e0 UniBH.<\/p>\n<p>&nbsp;<\/p>\n<h3>\u00d4nibus<\/h3>\n<p><strong>Linha 8207:\u00a0<\/strong>Ave Amazonas em frente ao numero 322<\/p>\n<p><strong>Linha 5201:\u00a0<\/strong>Rua Curitiba em frente ao numero 620<\/p>\n<p><strong>Linha 8208:\u00a0<\/strong>Rua Curitiba em frente ao numero 862<\/p>\n<h3>Sa\u00edda do Ibis Bucket Afonso Pena<\/h3>\n<p><a href=\"https:\/\/goo.gl\/maps\/LqUA0\"><img loading=\"lazy\" decoding=\"async\" data-attachment-id=\"974008\" data-permalink=\"https:\/\/belohorizonte.wordcamp.org\/2014\/guia-de-sobrevivencia\/ibis1\/\" data-orig-file=\"https:\/\/belohorizonte.wordcamp.org\/2014\/files\/2013\/09\/ibis1.png\" data-orig-size=\"1300,534\" data-comments-opened=\"1\" data-image-meta=\"{&quot;aperture&quot;:&quot;0&quot;,&quot;credit&quot;:&quot;&quot;,&quot;camera&quot;:&quot;&quot;,&quot;caption&quot;:&quot;&quot;,&quot;created_timestamp&quot;:&quot;0&quot;,&quot;copyright&quot;:&quot;&quot;,&quot;focal_length&quot;:&quot;0&quot;,&quot;iso&quot;:&quot;0&quot;,&quot;shutter_speed&quot;:&quot;0&quot;,&quot;title&quot;:&quot;&quot;}\" data-image-title=\"ibis1\" data-image-description=\"\" data-image-caption=\"\" data-medium-file=\"https:\/\/belohorizonte.wordcamp.org\/2014\/files\/2013\/09\/ibis1-260x106.png\" data-large-file=\"https:\/\/belohorizonte.wordcamp.org\/2014\/files\/2013\/09\/ibis1-1024x420.png\" class=\"size-large wp-image-974008 aligncenter\" alt=\"ibis1\" src=\"https:\/\/2014.belohorizonte.wordcamp.org\/files\/2013\/09\/ibis1-1024x420.png\" width=\"1024\" height=\"420\" srcset=\"https:\/\/belohorizonte.wordcamp.org\/2014\/files\/2013\/09\/ibis1-1024x420.png 1024w, https:\/\/belohorizonte.wordcamp.org\/2014\/files\/2013\/09\/ibis1-260x106.png 260w, https:\/\/belohorizonte.wordcamp.org\/2014\/files\/2013\/09\/ibis1-500x205.png 500w, https:\/\/belohorizonte.wordcamp.org\/2014\/files\/2013\/09\/ibis1.png 1300w\" sizes=\"auto, (max-width: 1024px) 100vw, 1024px\" \/><\/a><\/p>\n<p><a href=\"https:\/\/goo.gl\/maps\/DbLgc\"><img loading=\"lazy\" decoding=\"async\" data-attachment-id=\"974009\" data-permalink=\"https:\/\/belohorizonte.wordcamp.org\/2014\/guia-de-sobrevivencia\/ibis2\/\" data-orig-file=\"https:\/\/belohorizonte.wordcamp.org\/2014\/files\/2013\/09\/ibis2.png\" data-orig-size=\"1285,526\" data-comments-opened=\"1\" data-image-meta=\"{&quot;aperture&quot;:&quot;0&quot;,&quot;credit&quot;:&quot;&quot;,&quot;camera&quot;:&quot;&quot;,&quot;caption&quot;:&quot;&quot;,&quot;created_timestamp&quot;:&quot;0&quot;,&quot;copyright&quot;:&quot;&quot;,&quot;focal_length&quot;:&quot;0&quot;,&quot;iso&quot;:&quot;0&quot;,&quot;shutter_speed&quot;:&quot;0&quot;,&quot;title&quot;:&quot;&quot;}\" data-image-title=\"ibis2\" data-image-description=\"\" data-image-caption=\"\" data-medium-file=\"https:\/\/belohorizonte.wordcamp.org\/2014\/files\/2013\/09\/ibis2-260x106.png\" data-large-file=\"https:\/\/belohorizonte.wordcamp.org\/2014\/files\/2013\/09\/ibis2-1024x419.png\" class=\"aligncenter size-large wp-image-974009\" alt=\"ibis2\" src=\"https:\/\/2014.belohorizonte.wordcamp.org\/files\/2013\/09\/ibis2-1024x419.png\" width=\"1024\" height=\"419\" srcset=\"https:\/\/belohorizonte.wordcamp.org\/2014\/files\/2013\/09\/ibis2-1024x419.png 1024w, https:\/\/belohorizonte.wordcamp.org\/2014\/files\/2013\/09\/ibis2-260x106.png 260w, https:\/\/belohorizonte.wordcamp.org\/2014\/files\/2013\/09\/ibis2-500x204.png 500w, https:\/\/belohorizonte.wordcamp.org\/2014\/files\/2013\/09\/ibis2.png 1285w\" sizes=\"auto, (max-width: 1024px) 100vw, 1024px\" \/><\/a><\/p>\n<h2>Como Chegar \u00e0 Belo Horizonte<\/h2>\n<h3>Aeroportos:<\/h3>\n<ul>\n<li><strong>Aeroporto Internacional de Confins (CNF) &#8211; V\u00f4os Dom\u00e9sticos e Internacionais<\/strong><\/li>\n<\/ul>\n<p><strong>Companhias A\u00e9reas:<\/strong> Gol, Tam, Azul, Avianca, TAP, Copa, American Airlines, Aerolineas Argentinas<\/p>\n<p><strong>Transporte:<\/strong><\/p>\n<ol>\n<ol>\n<li>Taxi Metropolitano Oficial(Carros Pretos) &#8211; Mais ou menos R$120,00 at\u00e9 o centro<\/li>\n<li>\u00d4nibus Conex\u00e3o Aeroporto &#8211; De R$7,25 \u00e0 R$19,70 (At\u00e9 a Rodovi\u00e1ria ou Terminal Central)\u00a0<a href=\"http:\/\/www.conexaoaeroporto.com.br\/\" target=\"_blank\">www.conexaoaeroporto.com.br<\/a><\/li>\n<\/ol>\n<\/ol>\n<p><strong>Dica<\/strong>: V\u00e1 de \u00d4nibus at\u00e9 a rodovi\u00e1ria ou Terminal Alvares Cabral e pegue um taxi convencional ate o local desejado.<\/p>\n<ul>\n<li><strong>Aeroporto da Pampulha \u00a0(BHZ) &#8211; V\u00f4os Regionais<\/strong><\/li>\n<\/ul>\n<p><strong>Companhias A\u00e9reas<\/strong>: Azul, Passaredo<\/p>\n<p><strong>Transporte<\/strong>:<\/p>\n<ol>\n<ol>\n<li>Taxi Municipal(Carros Brancos) &#8211; Mais ou menos R$50,00 at\u00e9 o centro<\/li>\n<li>\u00d4nibus Conex\u00e3o Aeroporto &#8211; R$8,90 (At\u00e9 a Rodovi\u00e1ria ou Terminal Central)\u00a0<a href=\"http:\/\/www.conexaoaeroporto.com.br\/\" target=\"_blank\">www.conexaoaeroporto.com.br<\/a><\/li>\n<\/ol>\n<\/ol>\n<p><strong>Dica<\/strong>: V\u00e1 de \u00d4nibus at\u00e9 a rodovi\u00e1ria ou Terminal Alvares Cabral e pegue um taxi convencional ate o local desejado.<\/p>\n<h3>Rodovi\u00e1rio:<\/h3>\n<ul>\n<li><strong>Carro<\/strong><\/li>\n<\/ul>\n<p>Rodovias que cruzam Belo Horizonte: BR-040(BR-356), BR-381(Fern\u00e3o Dias), BR-262.<\/p>\n<ul>\n<li><strong>\u00d4nibus<\/strong><\/li>\n<\/ul>\n<p>Empresas que fazem linhas para Belo Horizonte: Gontijo, S\u00e3o Geraldo, \u00c1guia Branca, \u00datil, Itapemirim, Cometa, Atual, P\u00e1ssaro Verde, Presidente Etc.<\/p>\n<p>Saiba mais em:\u00a0<a href=\"http:\/\/portal7.pbh.gov.br\/silir\/linhas.pbh?method=iniciar\" target=\"_blank\">http:\/\/portal7.pbh.gov.br\/silir\/linhas.pbh?method=iniciar<\/a><\/p>\n<h3>Trem:<\/h3>\n<p>Belo Horizonte conta com uma linha de trem de passageiros que faz a rota Vit\u00f3ria \u00e0 Minas. A sa\u00edda \u00e9 di\u00e1ria e o trem conta com vag\u00f5es executivos, econ\u00f4micos e restaurante.<\/p>\n<p>Veja mais em:\u00a0<a href=\"http:\/\/www.vale.com\/brasil\/PT\/business\/logistics\/railways\/Passenger-Train-Vitoria-Minas\/Paginas\/default.aspx\" target=\"_blank\">http:\/\/www.vale.com\/brasil\/PT\/business\/logistics\/railways\/Passenger-Train-Vitoria-Minas\/Paginas\/default.aspx<\/a><\/p>\n<h2 id=\"ondeficar\">Onde Ficar<\/h2>\n<ul>\n<li><strong style=\"line-height: 1.5\">Recomendado &#8211; Hotel Oficial dos palestrantes<br \/>\n<\/strong><\/p>\n<ul style=\"line-height: 1.5\">\n<li>Ibis Budget Belo Horizonte Afonso Pena Localiza\u00e7\u00e3o: Rua Rio Grande do Norte 784\u00a0&#8211; Centro<\/li>\n<\/ul>\n<\/li>\n<\/ul>\n<p style=\"padding-left: 90px\">Telefone: (+55) 31\u00a021084750<br \/>\n<a href=\"http:\/\/www.accorhotels.com\/pt-br\/hotel-8527-ibis-budget-belo-horizonte-afonso-pena\/index.shtml\" target=\"_blank\">http:\/\/www.accorhotels.com\/pt-br\/hotel-8527-ibis-budget-belo-horizonte-afonso-pena\/index.shtml<\/a><\/p>\n<ul>\n<li><strong>Alto Padr\u00e3o<\/strong>\n<ul>\n<li>Bristol Horizonte Hotel Localiza\u00e7\u00e3o: Rua Desembargador Amilcar de Castro, s\/n\u00ba &#8211; Buritis<\/li>\n<\/ul>\n<\/li>\n<\/ul>\n<p style=\"padding-left: 90px\">Telefone: (+55) 0800 645 1816 \/ (+55) 0800 411 816<br \/>\n<a href=\"http:\/\/bit.ly\/1by11Br\" target=\"_blank\">http:\/\/bit.ly\/1by11Br<\/a><\/p>\n<ul>\n<ul>\n<li>Mercure Lourdes Hotel Localiza\u00e7\u00e3o: Av. do Contorno, 7315 \u2013 Lourdes<\/li>\n<\/ul>\n<\/ul>\n<p style=\"padding-left: 90px\">Telefone: (+55) 31 3298-4100<br \/>\n<a href=\"http:\/\/bit.ly\/18Z1MsZ\" target=\"_blank\">http:\/\/bit.ly\/18Z1MsZ<\/a><\/p>\n<ul>\n<ul>\n<li>Caeser Business Localiza\u00e7\u00e3o: Av. Lu\u00eds Paulo Franco, 421 \u2013 Belvedere<\/li>\n<\/ul>\n<\/ul>\n<p style=\"padding-left: 90px\">Telefone: (+55) 31 2123-9898<br \/>\n<a href=\"http:\/\/bit.ly\/1cFOYqi\" target=\"_blank\">http:\/\/bit.ly\/1cFOYqi<\/a><\/p>\n<ul>\n<li><strong>M\u00e9dio Padr\u00e3o<\/strong>\n<ul>\n<li>Boulevard Plaza Localiza\u00e7\u00e3o: Av. Get\u00falio Vargas, 1640 \u2013 Savassi<\/li>\n<\/ul>\n<\/li>\n<\/ul>\n<p style=\"padding-left: 90px\">Telefone: (+55) 31 3269-7000<br \/>\n<a href=\"http:\/\/www.hotelboulevardplazabh.com.br\/\" target=\"_blank\">http:\/\/www.hotelboulevardplazabh.com.br\/<\/a><\/p>\n<ul>\n<ul>\n<li>Bristol Merit Hotel Localiza\u00e7\u00e3o: Rua dos Tam\u00f3ios, 341 \u2013 Centro<\/li>\n<\/ul>\n<\/ul>\n<p style=\"padding-left: 90px\">Telefone: (+55) 0800 283 9988<br \/>\n<a href=\"http:\/\/bit.ly\/1kCBsEB\" target=\"_blank\">http:\/\/bit.ly\/1kCBsEB<\/a><\/p>\n<ul>\n<ul>\n<li>Boulevard Express Localiza\u00e7\u00e3o: Rua Sergipe, 1415 \u2013 Savassi<\/li>\n<\/ul>\n<\/ul>\n<p style=\"padding-left: 90px\">Telefone: (+55) 31 3269-7300<br \/>\n<a href=\"http:\/\/www.hotelboulevardexpressbh.com.br\/\" target=\"_blank\">http:\/\/www.hotelboulevardexpressbh.com.br\/<\/a><\/p>\n<ul>\n<ul>\n<li>Hotel ibis Localiza\u00e7\u00e3o: Av. Jo\u00e3o PInheiro, 602 \u2013 Lourdes<\/li>\n<\/ul>\n<\/ul>\n<p style=\"padding-left: 90px\">Telefone: (+55) 31 2111-1500<br \/>\n<a href=\"http:\/\/www.ibis.com\/pt\/hotel-5298-ibis-belo-horizonte-liberdade\/index.shtml\" target=\"_blank\">http:\/\/www.ibis.com\/pt\/hotel-5298-ibis-belo-horizonte-liberdade\/index.shtml<\/a><\/p>\n<ul>\n<li><strong>Baixo Padr\u00e3o<\/strong>\n<ul>\n<li>Mosaic Hotel Localiza\u00e7\u00e3o: Av. Augusto de Lima, 550 \u2013 Centro<\/li>\n<\/ul>\n<\/li>\n<\/ul>\n<p style=\"padding-left: 90px\">Telefone: (+55) 31 3214-0489 \/ 31 3643-0489<br \/>\n<a href=\"http:\/\/www.hotelmosaic.com.br\/\" target=\"_blank\">http:\/\/www.hotelmosaic.com.br\/<\/a><\/p>\n<ul>\n<ul>\n<li>Max Savassi Apart\u00a0Service:\u00a0Rua Ant\u00f4nio de Albuquerque, 335 \u2013 Savassi<\/li>\n<\/ul>\n<\/ul>\n<p style=\"padding-left: 90px\">Telefone: (+55) 31 2101-6466<br \/>\n<a href=\"http:\/\/www.maxsavassi.com.br\/\" target=\"_blank\">http:\/\/www.maxsavassi.com.br\/<\/a><\/p>\n<ul>\n<ul>\n<li>Hotel Financial Localiza\u00e7\u00e3o: Av. Afonso Pena, 571 \u2013 Centro<\/li>\n<\/ul>\n<\/ul>\n<p style=\"padding-left: 90px\">Telefone: (+55) 31 3270-4000<br \/>\n<a href=\"http:\/\/www.hotelfinancial.com.br\" target=\"_blank\">http:\/\/www.hotelfinancial.com.br<\/a><\/p>\n<ul>\n<ul>\n<li>Hotel S\u00e3o Bento Localiza\u00e7\u00e3o: Rua Guarani, 438 \u2013 Centro<\/li>\n<\/ul>\n<\/ul>\n<p style=\"padding-left: 90px\">Telefone:\u00a0+55 (31) 3025-3399 \u00a0 e \u00a0 +55 (31) 3271-3399<br \/>\n<a href=\"http:\/\/www.hotelsaobento.com.br\/\" target=\"_blank\">http:\/\/www.hotelsaobento.com.br\/<\/a><\/p>\n<ul>\n<li><strong>Albergues\/Hostel<\/strong>\n<ul>\n<li>Laranja Mec\u00e2nica Localiza\u00e7\u00e3o: Rua Rodrigues Caldas, 703 \u2013 Santo Agostinho<\/li>\n<\/ul>\n<\/li>\n<\/ul>\n<p style=\"padding-left: 90px\">Telefone: (+55) 31 3291-0192<br \/>\n<a href=\"http:\/\/laranjamecanicahostelpousada.com\/\" target=\"_blank\">http:\/\/laranjamecanicahostelpousada.com\/<\/a><\/p>\n<ul>\n<ul>\n<li>Ginga Hostel Localiza\u00e7\u00e3o: Rua Gabriel dos Santos \u2013 Serra<\/li>\n<\/ul>\n<\/ul>\n<p style=\"padding-left: 90px\">Telefone: (+55) 31 3586-6113<br \/>\n<a href=\"http:\/\/www.gingahostel.com.br\/\" target=\"_blank\">http:\/\/www.gingahostel.com.br\/<\/a><\/p>\n<ul>\n<ul>\n<li>Hostel Santa Tereza Localiza\u00e7\u00e3o: Rua Hermillo Alves, 270 \u2013 Santa Tereza<\/li>\n<\/ul>\n<\/ul>\n<p style=\"padding-left: 90px\">Telefone: (+55) 31 2535-0106<br \/>\n<a href=\"http:\/\/www.hostelsantatereza.com.br\/\" target=\"_blank\">http:\/\/www.hostelsantatereza.com.br\/<\/a><\/p>\n<h2>O que fazer\/Onde ir<\/h2>\n<p>Em Breve<\/p>\n<h2>Dicion\u00e1rio Mineiro<\/h2>\n<ol>\n<li>Trem = Qualquer coisa<\/li>\n<li>Metr\u00f4 = Trem<\/li>\n<li>Pronc\u00eavai? = Pra onde voc\u00ea vai?<\/li>\n<li>\u00c9 logali\/\u00c9 Pertim =\u00a0\u00e9 logo ali?\/\u00c9 Perto (dist\u00e2ncia referente a 100 quil\u00f4metros mais ou menos podendo chegar a 150)<\/li>\n<li>Uai = Uai \u00e9 Uai s\u00f4<\/li>\n<li>BH = Belzonte = Beag\u00e1 = Belo Horizonte<\/li>\n<li>Cadin = Pouquinho<\/li>\n<\/ol>\n<h2>Mapas<\/h2>\n<div class=\"googlemaps\">\n\t\t\t\t<iframe loading=\"lazy\" width=\"700\" height=\"500\" frameborder=\"0\" scrolling=\"no\" marginheight=\"0\" marginwidth=\"0\"  src=\"https:\/\/maps.google.com\/maps?f=d&#038;source=s_d&#038;saddr=Aeroporto%20Internacional%20de%20Belo%20Horizonte-Confins,%20Confins%20-%20Minas%20Gerais,%20Brasil&#038;daddr=Aeroporto%20da%20Pampulha,%20Pampulha,%20Belo%20Horizonte%20-%20Minas%20Gerais,%20Brasil%20to:Rodovi\u00e1ria%20de%20Belo%20Horizonte%20-%20Pra\u00e7a%20Rio%20Branco,%20Belo%20Horizonte%20-%20Minas%20Gerais,%20Brasil%20to:Centro,%20Belo%20Horizonte%20-%20Minas%20Gerais,%20Brasil%20to:Universidade%20Uni%20BH%20-%20Avenida%20Professor%20M\u00e1rio%20Werneck,&#038;hl=pt-BR&#038;geocode=FU1o1P4dLCRh_SGDGXqKUuOwnClTJHQOHGOmADGDGXqKUuOwnA;FYgd0f4dNk1h_SG8kOu2bGWmuCnjlqkec5CmADG8kOu2bGWmuA;FXAe0P4dYoRh_SGifSN6gMFebCkBABBc-5mmADGifSN6gMFebA;FcsO0P4d1oxh_SmJQjJloZCmADF9_QW7yB0dcA;FbhFz_4dFCZh_SHAUhkvq0Gy5SnTfIoA3ZemADHAUhkvq0Gy5Q&#038;aq=0&#038;oq=Centro&#038;sll=-19.803532,-43.935699&#038;sspn=0.550422,1.055374&#038;mra=ps&#038;ie=UTF8&#038;t=m&#038;ll=-19.804178,-43.935699&#038;spn=0.620191,0.878906&#038;z=10&#038;output=embed\"><\/iframe>\n\t\t\t<\/div>\n<div class=\"googlemaps\">\n\t\t\t\t<iframe loading=\"lazy\" width=\"700\" height=\"500\" frameborder=\"0\" scrolling=\"no\" marginheight=\"0\" marginwidth=\"0\"  src=\"https:\/\/maps.google.com.br\/maps?f=q&#038;source=s_q&#038;hl=pt-BR&#038;geocode=&#038;q=Universidade%20Uni%20BH%20-%20Avenida%20Professor%20M\u00e1rio%20Werneck,%20Estoril,%20BH%20-%20Minas%20Gerais&#038;aq=1&#038;oq=uni%20bh&#038;sll=-22.902743,-43.446121&#038;sspn=0.538901,1.055374&#038;ie=UTF8&#038;t=m&#038;z=16&#038;iwloc=A&#038;output=embed\"><\/iframe>\n\t\t\t<\/div>\n","protected":false},"excerpt":{"rendered":"<p>Esse \u00e9 seu Manual de Sobreviv\u00eancia em Belo Horizonte. Caso falte qualquer informa\u00e7\u00e3o, favor entrar em contato com a organiza\u00e7\u00e3o. Local, Data e Hora O WordCamp 2014 ir\u00e1 acontecer dia 17 de Maio de 2014, no UniBH Estoril, Av. Prof. M\u00e1rio Werneck, 1685 &#8211; Estoril &#8211; Belo Horizonte &#8211; MG. In\u00edcio: 08:00hrs Termino: 18:00hrs Como &hellip; <a href=\"https:\/\/belohorizonte.wordcamp.org\/2014\/guia-de-sobrevivencia\/\" class=\"more-link\">Continue lendo <span class=\"screen-reader-text\">Guia de sobreviv\u00eancia<\/span> <span class=\"meta-nav\">&rarr;<\/span><\/a><\/p>\n","protected":false},"author":405173,"featured_media":727430,"parent":0,"menu_order":0,"comment_status":"open","ping_status":"open","template":"","meta":{"jetpack_post_was_ever_published":false,"footnotes":""},"class_list":["post-101859","page","type-page","status-publish","has-post-thumbnail","hentry"],"_links":{"self":[{"href":"https:\/\/belohorizonte.wordcamp.org\/2014\/wp-json\/wp\/v2\/pages\/101859","targetHints":{"allow":["GET"]}}],"collection":[{"href":"https:\/\/belohorizonte.wordcamp.org\/2014\/wp-json\/wp\/v2\/pages"}],"about":[{"href":"https:\/\/belohorizonte.wordcamp.org\/2014\/wp-json\/wp\/v2\/types\/page"}],"author":[{"embeddable":true,"href":"https:\/\/belohorizonte.wordcamp.org\/2014\/wp-json\/wp\/v2\/users\/405173"}],"replies":[{"embeddable":true,"href":"https:\/\/belohorizonte.wordcamp.org\/2014\/wp-json\/wp\/v2\/comments?post=101859"}],"version-history":[{"count":54,"href":"https:\/\/belohorizonte.wordcamp.org\/2014\/wp-json\/wp\/v2\/pages\/101859\/revisions"}],"predecessor-version":[{"id":974011,"href":"https:\/\/belohorizonte.wordcamp.org\/2014\/wp-json\/wp\/v2\/pages\/101859\/revisions\/974011"}],"wp:featuredmedia":[{"embeddable":true,"href":"https:\/\/belohorizonte.wordcamp.org\/2014\/wp-json\/wp\/v2\/media\/727430"}],"wp:attachment":[{"href":"https:\/\/belohorizonte.wordcamp.org\/2014\/wp-json\/wp\/v2\/media?parent=101859"}],"curies":[{"name":"wp","href":"https:\/\/api.w.org\/{rel}","templated":true}]}}