{"id":14832,"date":"2013-08-31T22:14:37","date_gmt":"2013-09-01T01:14:37","guid":{"rendered":"https:\/\/2014.belohorizonte.wordcamp.org\/?page_id=14832"},"modified":"2014-03-12T21:11:58","modified_gmt":"2014-03-13T00:11:58","slug":"o-que-e-wordcamp","status":"publish","type":"page","link":"https:\/\/belohorizonte.wordcamp.org\/2014\/o-que-e-wordcamp\/","title":{"rendered":"O que \u00e9 WordCamp?"},"content":{"rendered":"<p>O <a href=\"http:\/\/central.wordcamp.org\" target=\"_blank\">WordCamp<\/a> \u00e9 uma confer\u00eancia sem fins lucrativos que busca criar e compartilhar conhecimento sobre o WordPress. \u00c9 um conjunto de palestras, debates e oficinas destinado tanto a desenvolvedores como a usu\u00e1rios. Originado nos Estados Unidos, o evento acontece em todo mundo e conta com o apoio da <a href=\"http:\/\/wordpressfoundation.org\/\" target=\"_blank\">Funda\u00e7\u00e3o WordPress<\/a> e da <a href=\"http:\/\/automattic.com\/\" target=\"_blank\">Automattic<\/a>, detentora da marca <a href=\"http:\/\/wordpress.org\" target=\"_blank\">WordPress<\/a>. Em 2014, Belo Horizonte recebe o WordCamp pela primeira vez e se torna a 4\u00aa capital brasileira a sediar o evento.<\/p>\n<p>Organizado por comunidades de usu\u00e1rios do WordPress ao redor do mundo, o WordCamp busca reunir desenvolvedores, designers, publicit\u00e1rios, jornalistas, blogueiros e usu\u00e1rios casuais para debater os avan\u00e7os, a usabilidade, as ferramentas, plugins e o c\u00f3digo do WordPress, ampliando a comunidade de usu\u00e1rios, profissionais e entusiastas.<br \/>\nO primeiro WordCamp aconteceu em julho de 2006 em S\u00e3o Francisco. Organizado por Matt Mullenweg, criador do WordPress, conseguiu em apenas tr\u00eas semanas reunir mais de 300 participantes, tornando-se um sucesso imediato. A sua primeira edi\u00e7\u00e3o internacional conhecida aconteceu em Israel no dia 25 de outubro de 2007. Desde ent\u00e3o o WordCamp se espalhou pelas principais cidades do mundo, como Paris, Mil\u00e3o, T\u00f3quio, Melbourne, Sydney, Birmingham, Hamburgo e Vancouver (veja a lista completa <a href=\"http:\/\/central.wordcamp.org\/schedule\/\" target=\"_blank\">http:\/\/central.wordcamp.org\/schedule\/<\/a>). Em 2009, para alegria de uma das maiores comunidades do planeta, foi realizado o primeiro WordCamp Brasil, em S\u00e3o Paulo.<br \/>\nDado o pontap\u00e9 inicial da capital paulista, a comunidade come\u00e7ou a se organizar para reeditar o evento em outras cidades. Porto Alegre, Curitiba e Belo Horizonte come\u00e7aram a articular meetups para discutir a viabilidade de novos WordCamps. Assim, em Outubro de 2010 foi realizado em Curitiba, no Paran\u00e1, o segundo WordCamp brasileiro, que contou com a presen\u00e7a de cerca de 300 participantes em dois dias de evento.<br \/>\nEm 2013, Belo Horizonte foi aprovada pela funda\u00e7\u00e3o WordPress como cidade sede. Com uma equipe organizadora empolgada, liderada por Val\u00e9rio Souza, experiente desenvolvedor da plataforma, o evento foi finalmente agendado para 17 de maio de 2014 e j\u00e1 na fase de planejamento recebeu o apoio da <a href=\"http:\/\/cloudwp.com.br\" target=\"_blank\" rel=\"nofollow\">CloudWP<\/a>, empresa de hosting focada em WordPress, da <a href=\"http:\/\/multiad.com.br\" target=\"_blank\" rel=\"nofollow\">Multiad Comunica\u00e7\u00e3o<\/a> e da <a href=\"http:\/\/www.quarteldesign.com\/\" target=\"_blank\" rel=\"nofollow\">Quartel Design<\/a>.<br \/>\nCom a contagem regressiva iniciada, a equipe do WordCamp Belo horizonte tem como meta organizar uma das melhores edi\u00e7\u00f5es j\u00e1 realizadas, e assim colocar a capital mineira oficialmente no mapa internacional da comunidade WordPress.<br \/>\nQuer participar do WordCamp?<a title=\"Ingressos\" href=\"https:\/\/2014.belohorizonte.wordcamp.org\/ingressos\/\" target=\"_blank\"> Inscreva-se agora<\/a>.<br \/>\nQuer apoiar o evento? <a href=\"https:\/\/2014.belohorizonte.wordcamp.org\/quero-patrocinar\/\" target=\"_blank\">Veja como<\/a>.<\/p>\n","protected":false},"excerpt":{"rendered":"<p>O WordCamp \u00e9 uma confer\u00eancia sem fins lucrativos que busca criar e compartilhar conhecimento sobre o WordPress. \u00c9 um conjunto de palestras, debates e oficinas destinado tanto a desenvolvedores como a usu\u00e1rios. Originado nos Estados Unidos, o evento acontece em todo mundo e conta com o apoio da Funda\u00e7\u00e3o WordPress e da Automattic, detentora da &hellip; <a href=\"https:\/\/belohorizonte.wordcamp.org\/2014\/o-que-e-wordcamp\/\" class=\"more-link\">Continue lendo <span class=\"screen-reader-text\">O que \u00e9 WordCamp?<\/span> <span class=\"meta-nav\">&rarr;<\/span><\/a><\/p>\n","protected":false},"author":8185969,"featured_media":727428,"parent":0,"menu_order":0,"comment_status":"open","ping_status":"open","template":"","meta":{"jetpack_post_was_ever_published":false,"footnotes":""},"class_list":["post-14832","page","type-page","status-publish","has-post-thumbnail","hentry"],"_links":{"self":[{"href":"https:\/\/belohorizonte.wordcamp.org\/2014\/wp-json\/wp\/v2\/pages\/14832","targetHints":{"allow":["GET"]}}],"collection":[{"href":"https:\/\/belohorizonte.wordcamp.org\/2014\/wp-json\/wp\/v2\/pages"}],"about":[{"href":"https:\/\/belohorizonte.wordcamp.org\/2014\/wp-json\/wp\/v2\/types\/page"}],"author":[{"embeddable":true,"href":"https:\/\/belohorizonte.wordcamp.org\/2014\/wp-json\/wp\/v2\/users\/8185969"}],"replies":[{"embeddable":true,"href":"https:\/\/belohorizonte.wordcamp.org\/2014\/wp-json\/wp\/v2\/comments?post=14832"}],"version-history":[{"count":8,"href":"https:\/\/belohorizonte.wordcamp.org\/2014\/wp-json\/wp\/v2\/pages\/14832\/revisions"}],"predecessor-version":[{"id":821600,"href":"https:\/\/belohorizonte.wordcamp.org\/2014\/wp-json\/wp\/v2\/pages\/14832\/revisions\/821600"}],"wp:featuredmedia":[{"embeddable":true,"href":"https:\/\/belohorizonte.wordcamp.org\/2014\/wp-json\/wp\/v2\/media\/727428"}],"wp:attachment":[{"href":"https:\/\/belohorizonte.wordcamp.org\/2014\/wp-json\/wp\/v2\/media?parent=14832"}],"curies":[{"name":"wp","href":"https:\/\/api.w.org\/{rel}","templated":true}]}}