{"id":148393,"date":"2013-10-08T00:31:05","date_gmt":"2013-10-08T03:31:05","guid":{"rendered":"https:\/\/2014.belohorizonte.wordcamp.org\/?page_id=148393"},"modified":"2014-03-12T21:10:08","modified_gmt":"2014-03-13T00:10:08","slug":"principal","status":"publish","type":"page","link":"https:\/\/belohorizonte.wordcamp.org\/2014\/principal\/","title":{"rendered":"Principal"},"content":{"rendered":"<div class=\"item-oque-e\">\n<h2>O que \u00e9 WordCamp?<\/h2>\n<p>O WordCamp \u00e9 uma confer\u00eancia sem fins lucrativos que busca criar e compartilhar conhecimento sobre o WordPress. \u00c9 um conjunto de palestras, debates e oficinas destinado tanto a desenvolvedores como a usu\u00e1rios. Originado nos Estados Unidos, o evento acontece em todo mundo e conta com o apoio da Funda\u00e7\u00e3o WordPress e da Automattic, detentora da marca WordPress. Em 2014, Belo Horizonte recebe o WordCamp pela primeira vez e se torna a 4\u00aa capital brasileira a sediar o evento.<br \/>\n<a href=\"https:\/\/2014.belohorizonte.wordcamp.org\/o-que-e-wordcamp\/\">Mais<\/a><\/p>\n<\/div>\n<div class=\"item-belo-horizonte\">\n<h2>Conhe\u00e7a Belo Horizonte<\/h2>\n<p>Cercada pela Serra do Curral, que lhe serve de moldura natural e refer\u00eancia hist\u00f3rica, Belo Horizonte foi planejada e constru\u00edda para ser a capital pol\u00edtica e administrativa de Minas Gerais. A cidade sofreu um inesperado acelerado crescimento populacional no s\u00e9culo passado e hoje, aos 115 anos, \u2018Beag\u00e1\u2019 possui quase 2,5 milh\u00f5es de habitantes.<br \/>\n<a href=\"https:\/\/2014.belohorizonte.wordcamp.org\/conheca-belo-horizonte\/\">Mais<\/a><\/p>\n<\/div>\n<div class=\"item-ajude\">\n<h2>Colabore com o WordCamp BH<\/h2>\n<p>Voc\u00ea pode colaborar com o WordCamp Belo Horizonte de duas formas. Sendo um patrocinador, apoiando um evento importante para o desenvolvimento educacional e tecnol\u00f3gico do pa\u00eds. Ou como volunt\u00e1rio, se aproximando dos maiores especialistas do Brasil e colaborando com o crescimento da comunidade WordPress.<br \/>\n<a class=\"btn-patrocinar\" href=\"https:\/\/2014.belohorizonte.wordcamp.org\/quero-patrocinar\/\">Seja um patrocinador<\/a><\/p>\n<\/div>\n<div class=\"item-notcias\"><a class=\"btn-noticias\" href=\"https:\/\/2014.belohorizonte.wordcamp.org\/category\/noticias\/\">Acompanhe as not\u00edcias<\/a><\/div>\n<div class=\"item-patrocinadores\"><\/div>\n<p><img decoding=\"async\" class=\"avatar-site\" alt=\"\" src=\"https:\/\/2014.belohorizonte.wordcamp.org\/files\/2013\/10\/avatar-site.jpg\" \/><\/p>\n","protected":false},"excerpt":{"rendered":"<p>O que \u00e9 WordCamp? O WordCamp \u00e9 uma confer\u00eancia sem fins lucrativos que busca criar e compartilhar conhecimento sobre o WordPress. \u00c9 um conjunto de palestras, debates e oficinas destinado tanto a desenvolvedores como a usu\u00e1rios. Originado nos Estados Unidos, o evento acontece em todo mundo e conta com o apoio da Funda\u00e7\u00e3o WordPress e &hellip; <a href=\"https:\/\/belohorizonte.wordcamp.org\/2014\/principal\/\" class=\"more-link\">Continue lendo <span class=\"screen-reader-text\">Principal<\/span> <span class=\"meta-nav\">&rarr;<\/span><\/a><\/p>\n","protected":false},"author":405173,"featured_media":0,"parent":0,"menu_order":0,"comment_status":"closed","ping_status":"closed","template":"","meta":{"jetpack_post_was_ever_published":false,"footnotes":""},"class_list":["post-148393","page","type-page","status-publish","hentry"],"_links":{"self":[{"href":"https:\/\/belohorizonte.wordcamp.org\/2014\/wp-json\/wp\/v2\/pages\/148393","targetHints":{"allow":["GET"]}}],"collection":[{"href":"https:\/\/belohorizonte.wordcamp.org\/2014\/wp-json\/wp\/v2\/pages"}],"about":[{"href":"https:\/\/belohorizonte.wordcamp.org\/2014\/wp-json\/wp\/v2\/types\/page"}],"author":[{"embeddable":true,"href":"https:\/\/belohorizonte.wordcamp.org\/2014\/wp-json\/wp\/v2\/users\/405173"}],"replies":[{"embeddable":true,"href":"https:\/\/belohorizonte.wordcamp.org\/2014\/wp-json\/wp\/v2\/comments?post=148393"}],"version-history":[{"count":13,"href":"https:\/\/belohorizonte.wordcamp.org\/2014\/wp-json\/wp\/v2\/pages\/148393\/revisions"}],"predecessor-version":[{"id":821599,"href":"https:\/\/belohorizonte.wordcamp.org\/2014\/wp-json\/wp\/v2\/pages\/148393\/revisions\/821599"}],"wp:attachment":[{"href":"https:\/\/belohorizonte.wordcamp.org\/2014\/wp-json\/wp\/v2\/media?parent=148393"}],"curies":[{"name":"wp","href":"https:\/\/api.w.org\/{rel}","templated":true}]}}