{"id":944404,"date":"2014-04-03T22:14:03","date_gmt":"2014-04-04T01:14:03","guid":{"rendered":"https:\/\/2014.belohorizonte.wordcamp.org\/?post_type=wcb_speaker&#038;p=944404"},"modified":"2014-04-07T15:13:17","modified_gmt":"2014-04-07T18:13:17","slug":"daniel-glik","status":"publish","type":"wcb_speaker","link":"https:\/\/belohorizonte.wordcamp.org\/2014\/speaker\/daniel-glik\/","title":{"rendered":"Daniel Glik"},"content":{"rendered":"<p>Formado em eletr\u00f4nica pelo Col\u00e9gio T\u00e9cnico da UFMG e em publicidade e propaganda pela PUC Minas, Daniel Glik flerta com o planejamento criativo desde 1998. Atuou como gerente de ind\u00fastria gr\u00e1fica, diretor de arte free-lancer e consultor de projetos digitais e de e-commerce, com foco em conte\u00fado e relacionamento, para marcas como Black Boots e Moritz Glik Fine Jewelry. Desde 2010 \u00e9 s\u00f3cio e diretor criativo da Multiad Comunica\u00e7\u00e3o, onde coordena as \u00e1reas de planejamento, cria\u00e7\u00e3o e web. Na ag\u00eancia, desenvolveu projetos para clientes como Construtora Lincoln Veloso, Ibmec, Faculdades Metrocamp, H.Olhos, For\u00e7a do Bem, Euroville BMW, entre outros.<\/p>\n","protected":false},"excerpt":{"rendered":"<p>Formado em eletr\u00f4nica pelo Col\u00e9gio T\u00e9cnico da UFMG e em publicidade e propaganda pela PUC Minas, Daniel Glik flerta com o planejamento criativo desde 1998. Atuou como gerente de ind\u00fastria gr\u00e1fica, diretor de arte free-lancer e consultor de projetos digitais e de e-commerce, com foco em conte\u00fado e relacionamento, para marcas como Black Boots e &hellip; <a href=\"https:\/\/belohorizonte.wordcamp.org\/2014\/speaker\/daniel-glik\/\" class=\"more-link\">Continue lendo <span class=\"screen-reader-text\">Daniel Glik<\/span> <span class=\"meta-nav\">&rarr;<\/span><\/a><\/p>\n","protected":false},"author":8185969,"featured_media":0,"comment_status":"closed","ping_status":"closed","template":"","meta":{"_crdt_document":"","jetpack_post_was_ever_published":false,"_wcpt_user_name":"danielglik","footnotes":""},"speaker_group":[],"class_list":["post-944404","wcb_speaker","type-wcb_speaker","status-publish","hentry"],"avatar_urls":{"24":"https:\/\/secure.gravatar.com\/avatar\/44f93f5e1b27cfb4a4e2a06e6bc659d3aa95059c06bb0f8c5d3affab0c394863?s=24&d=mm&r=g","48":"https:\/\/secure.gravatar.com\/avatar\/44f93f5e1b27cfb4a4e2a06e6bc659d3aa95059c06bb0f8c5d3affab0c394863?s=48&d=mm&r=g","96":"https:\/\/secure.gravatar.com\/avatar\/44f93f5e1b27cfb4a4e2a06e6bc659d3aa95059c06bb0f8c5d3affab0c394863?s=96&d=mm&r=g","128":"https:\/\/secure.gravatar.com\/avatar\/44f93f5e1b27cfb4a4e2a06e6bc659d3aa95059c06bb0f8c5d3affab0c394863?s=128&d=mm&r=g","256":"https:\/\/secure.gravatar.com\/avatar\/44f93f5e1b27cfb4a4e2a06e6bc659d3aa95059c06bb0f8c5d3affab0c394863?s=256&d=mm&r=g","512":"https:\/\/secure.gravatar.com\/avatar\/44f93f5e1b27cfb4a4e2a06e6bc659d3aa95059c06bb0f8c5d3affab0c394863?s=512&d=mm&r=g"},"_links":{"self":[{"href":"https:\/\/belohorizonte.wordcamp.org\/2014\/wp-json\/wp\/v2\/speakers\/944404","targetHints":{"allow":["GET"]}}],"collection":[{"href":"https:\/\/belohorizonte.wordcamp.org\/2014\/wp-json\/wp\/v2\/speakers"}],"about":[{"href":"https:\/\/belohorizonte.wordcamp.org\/2014\/wp-json\/wp\/v2\/types\/wcb_speaker"}],"author":[{"embeddable":true,"href":"https:\/\/belohorizonte.wordcamp.org\/2014\/wp-json\/wp\/v2\/users\/8185969"}],"replies":[{"embeddable":true,"href":"https:\/\/belohorizonte.wordcamp.org\/2014\/wp-json\/wp\/v2\/comments?post=944404"}],"version-history":[{"count":1,"href":"https:\/\/belohorizonte.wordcamp.org\/2014\/wp-json\/wp\/v2\/speakers\/944404\/revisions"}],"predecessor-version":[{"id":944405,"href":"https:\/\/belohorizonte.wordcamp.org\/2014\/wp-json\/wp\/v2\/speakers\/944404\/revisions\/944405"}],"sessions":[{"embeddable":true,"href":"https:\/\/belohorizonte.wordcamp.org\/2014\/wp-json\/wp\/v2\/sessions\/950719?_embed=1&context=view"}],"wp:attachment":[{"href":"https:\/\/belohorizonte.wordcamp.org\/2014\/wp-json\/wp\/v2\/media?parent=944404"}],"wp:term":[{"taxonomy":"wcb_speaker_group","embeddable":true,"href":"https:\/\/belohorizonte.wordcamp.org\/2014\/wp-json\/wp\/v2\/speaker_group?post=944404"}],"curies":[{"name":"wp","href":"https:\/\/api.w.org\/{rel}","templated":true}]}}

<p>Formado em eletrônica pelo Colégio Técnico da UFMG e em publicidade e propaganda pela PUC Minas, Daniel Glik flerta com o planejamento criativo desde 1998. Atuou como gerente de indústria gráfica, diretor de arte free-lancer e consultor de projetos digitais e de e-commerce, com foco em conteúdo e relacionamento, para marcas como Black Boots e Moritz Glik Fine Jewelry. Desde 2010 é sócio e diretor criativo da Multiad Comunicação, onde coordena as áreas de planejamento, criação e web. Na agência, desenvolveu projetos para clientes como Construtora Lincoln Veloso, Ibmec, Faculdades Metrocamp, H.Olhos, Força do Bem, Euroville BMW, entre outros.</p>

<p>Formado em eletrônica pelo Colégio Técnico da UFMG e em publicidade e propaganda pela PUC Minas, Daniel Glik flerta com o planejamento criativo desde 1998. Atuou como gerente de indústria gráfica, diretor de arte free-lancer e consultor de projetos digitais e de e-commerce, com foco em conteúdo e relacionamento, para marcas como Black Boots e &hellip; <a href="https://belohorizonte.wordcamp.org/2014/speaker/daniel-glik/" class="more-link">Continue lendo <span class="screen-reader-text">Daniel Glik</span> <span class="meta-nav">&rarr;</span></a></p>
