{"id":11,"date":"2014-09-05T16:33:56","date_gmt":"2014-09-05T19:33:56","guid":{"rendered":"https:\/\/2015.belohorizonte.wordcamp.org)\/?page_id=11"},"modified":"2015-07-16T02:45:12","modified_gmt":"2015-07-16T05:45:12","slug":"ingressos","status":"publish","type":"page","link":"https:\/\/belohorizonte.wordcamp.org\/2015\/ingressos\/","title":{"rendered":"Ingressos"},"content":{"rendered":"<div class=\"tix-notice alert-ticket\">\n<p>Antes de adquirir os seus ingressos, por favor, fa\u00e7a <a href=\"https:\/\/wordcamp.org\/wp-login.php?redirect_to=http%3A%2F%2Fbelohorizonte.wordcamp.org%2F2015%2Fingressos%2F\">login usando sua conta do WordPress.org.<\/a>*<\/p>\n<p>Se voc\u00ea n\u00e3o tiver uma conta, <a href=\"https:\/\/wordpress.org\/support\/register.php?redirect_to=https%3A%2F%2Fwordcamp.org%2Fwp-login.php%3Fredirect_to%3Dhttp%3A%2F%2Fbelohorizonte.wordcamp.org%2F2015%2Fingressos%2F\">por favor, crie uma.<\/a><\/p>\n<p><em>* Use\u00a0sua conta\u00a0do\u00a0site oficial do WordPress.org, n\u00e3o do seu site WordPress pessoal<\/em>.<\/p>\n<\/div>\n<p class=\"bg-warning alert-ticket\" style=\"margin-top: 30px\">Tem d\u00favidas sobre o login? <a href=\"https:\/\/2015.belohorizonte.wordcamp.org\/estao-pedindo-um-login-do-wordpress-org-porque\/\" target=\"_blank\">Leia mais aqui.<\/a><\/p>\n<a href=\"https:\/\/belohorizonte.wordcamp.org\/2015\/ingressos\/\">Please view this page in a browser to purchase or manage tickets.<\/a>\n","protected":false},"excerpt":{"rendered":"<p>Antes de adquirir os seus ingressos, por favor, fa\u00e7a login usando sua conta do WordPress.org.* Se voc\u00ea n\u00e3o tiver uma conta, por favor, crie uma. * Use\u00a0sua conta\u00a0do\u00a0site oficial do WordPress.org, n\u00e3o do seu site WordPress pessoal. Tem d\u00favidas sobre o login? Leia mais aqui.<\/p>\n","protected":false},"author":8185969,"featured_media":0,"parent":0,"menu_order":0,"comment_status":"open","ping_status":"closed","template":"","meta":{"jetpack_post_was_ever_published":false,"footnotes":""},"class_list":["post-11","page","type-page","status-publish","hentry"],"jetpack_shortlink":"https:\/\/wp.me\/P51o6h-b","jetpack_sharing_enabled":true,"jetpack_likes_enabled":false,"jetpack-related-posts":[],"_links":{"self":[{"href":"https:\/\/belohorizonte.wordcamp.org\/2015\/wp-json\/wp\/v2\/pages\/11","targetHints":{"allow":["GET"]}}],"collection":[{"href":"https:\/\/belohorizonte.wordcamp.org\/2015\/wp-json\/wp\/v2\/pages"}],"about":[{"href":"https:\/\/belohorizonte.wordcamp.org\/2015\/wp-json\/wp\/v2\/types\/page"}],"author":[{"embeddable":true,"href":"https:\/\/belohorizonte.wordcamp.org\/2015\/wp-json\/wp\/v2\/users\/8185969"}],"replies":[{"embeddable":true,"href":"https:\/\/belohorizonte.wordcamp.org\/2015\/wp-json\/wp\/v2\/comments?post=11"}],"version-history":[{"count":33,"href":"https:\/\/belohorizonte.wordcamp.org\/2015\/wp-json\/wp\/v2\/pages\/11\/revisions"}],"predecessor-version":[{"id":2408,"href":"https:\/\/belohorizonte.wordcamp.org\/2015\/wp-json\/wp\/v2\/pages\/11\/revisions\/2408"}],"wp:attachment":[{"href":"https:\/\/belohorizonte.wordcamp.org\/2015\/wp-json\/wp\/v2\/media?parent=11"}],"curies":[{"name":"wp","href":"https:\/\/api.w.org\/{rel}","templated":true}]}}