{"id":19,"date":"2016-05-18T16:25:16","date_gmt":"2016-05-18T19:25:16","guid":{"rendered":"http:\/\/2016.belohorizonte.wordcamp.org\/?page_id=19"},"modified":"2016-07-25T15:53:58","modified_gmt":"2016-07-25T18:53:58","slug":"ingressos","status":"publish","type":"page","link":"https:\/\/belohorizonte.wordcamp.org\/2016\/ingressos\/","title":{"rendered":"Ingressos"},"content":{"rendered":"<div class=\"tix-error\">\n<p><strong>Aten\u00e7\u00e3o:<\/strong> Todos os ingressos adquiridos ap\u00f3s o dia 17\/07\/2016 receber\u00e3o camisa de tamanho M.<\/p>\n<\/div>\n<a href=\"https:\/\/belohorizonte.wordcamp.org\/2016\/ingressos\/\">Please view this page in a browser to purchase or manage tickets.<\/a>\n","protected":false},"excerpt":{"rendered":"<p>Aten\u00e7\u00e3o: Todos os ingressos adquiridos ap\u00f3s o dia 17\/07\/2016 receber\u00e3o camisa de tamanho M.<\/p>\n","protected":false},"author":8185969,"featured_media":0,"parent":0,"menu_order":0,"comment_status":"closed","ping_status":"closed","template":"","meta":{"_crdt_document":"","jetpack_post_was_ever_published":false,"footnotes":""},"class_list":["post-19","page","type-page","status-publish","hentry"],"jetpack_sharing_enabled":true,"jetpack_shortlink":"https:\/\/wp.me\/P7v89d-j","_links":{"self":[{"href":"https:\/\/belohorizonte.wordcamp.org\/2016\/wp-json\/wp\/v2\/pages\/19","targetHints":{"allow":["GET"]}}],"collection":[{"href":"https:\/\/belohorizonte.wordcamp.org\/2016\/wp-json\/wp\/v2\/pages"}],"about":[{"href":"https:\/\/belohorizonte.wordcamp.org\/2016\/wp-json\/wp\/v2\/types\/page"}],"author":[{"embeddable":true,"href":"https:\/\/belohorizonte.wordcamp.org\/2016\/wp-json\/wp\/v2\/users\/8185969"}],"replies":[{"embeddable":true,"href":"https:\/\/belohorizonte.wordcamp.org\/2016\/wp-json\/wp\/v2\/comments?post=19"}],"version-history":[{"count":3,"href":"https:\/\/belohorizonte.wordcamp.org\/2016\/wp-json\/wp\/v2\/pages\/19\/revisions"}],"predecessor-version":[{"id":1025,"href":"https:\/\/belohorizonte.wordcamp.org\/2016\/wp-json\/wp\/v2\/pages\/19\/revisions\/1025"}],"wp:attachment":[{"href":"https:\/\/belohorizonte.wordcamp.org\/2016\/wp-json\/wp\/v2\/media?parent=19"}],"curies":[{"name":"wp","href":"https:\/\/api.w.org\/{rel}","templated":true}]}}